{"id":22,"date":"2015-08-17T16:04:50","date_gmt":"2015-08-17T16:04:50","guid":{"rendered":"http:\/\/gartenservice-fernholz.de\/cms\/?page_id=22"},"modified":"2018-05-07T10:37:31","modified_gmt":"2018-05-07T10:37:31","slug":"dienstleistungen","status":"publish","type":"page","link":"https:\/\/gartenservice-fernholz.de\/cms\/dienstleistungen\/","title":{"rendered":"Dienstleistungen"},"content":{"rendered":"<h4><a href=\"http:\/\/gartenservice-fernholz.de\/cms\/wp-content\/uploads\/2018\/05\/DSCF5938.jpg\"><img loading=\"lazy\" class=\"size-medium wp-image-173 alignright\" src=\"http:\/\/gartenservice-fernholz.de\/cms\/wp-content\/uploads\/2018\/05\/DSCF5938-300x225.jpg\" alt=\"\" width=\"300\" height=\"225\" data-id=\"173\" srcset=\"https:\/\/gartenservice-fernholz.de\/cms\/wp-content\/uploads\/2018\/05\/DSCF5938-300x225.jpg 300w, https:\/\/gartenservice-fernholz.de\/cms\/wp-content\/uploads\/2018\/05\/DSCF5938-768x576.jpg 768w, https:\/\/gartenservice-fernholz.de\/cms\/wp-content\/uploads\/2018\/05\/DSCF5938.jpg 1024w, https:\/\/gartenservice-fernholz.de\/cms\/wp-content\/uploads\/2018\/05\/DSCF5938-600x450.jpg 600w\" sizes=\"(max-width: 300px) 100vw, 300px\" \/><\/a>Pflege von Garten und Gr\u00fcnanlagen<\/h4>\n<p>Unser Gartenservice beinhaltet die Gartenpflege privater Gartenanlagen, sowie die Pflege \u00f6ffentlicher oder gewerblicher Gr\u00fcnanlagen.<\/p>\n<p>Von der Gartengestaltung bis hin zur wiederkehrenden Gartenpflege reicht unser umfangreiches Angebot f\u00fcr Ihren Garten. Wir gestalten, pflegen und organisieren Ihren Garten ganz nach Ihren W\u00fcnschen. Vom umfassenden Gartenservice, egal ob w\u00f6chentlich, monatlich oder auch j\u00e4hrlich,\u00a0 bis zur einmaligen Urlaubsvertretung reicht unser Leistungsportfolio.<\/p>\n<h4>Rasenpflege<\/h4>\n<p>M\u00f6chten Sie gern einen eleganten englischen Rasen, oder brauchen Sie eher einen strapazierf\u00e4higen Familienrasen?<\/p>\n<p>Egal wof\u00fcr Sie sich entscheiden, wenn Sie einen gepflegten gr\u00fcnen Rasen w\u00fcnschen, ist eine gute Rasenpflege enorm wichtig. Wir legen Ihnen eine Rasenfl\u00e4che entweder per Rollrasen in k\u00fcrzester Zeit an, oder auch auf herk\u00f6mmliche Weise durch Einsaat.<\/p>\n<p>Das regelm\u00e4\u00dfige M\u00e4hen des Rasens und eine D\u00fcngung zur richtigen Zeit \u00fcbernehmen wir gerne f\u00fcr Sie, damit sich Ihr Rasen gut entwickeln kann. Ein kr\u00e4ftiger und gut versorgter Rasen kann sich wesentlich besser gegen\u00fcber Unkraut und Moos behaupten.\u00a0 Auch das Ausk\u00e4mmen der toten Grashalme, das Vertikutieren, geh\u00f6rt zu einer guten Rasenpflege dazu. Wir \u00fcbernehmen diese Pflegearbeiten gern f\u00fcr Sie, damit Sie viel Freude an Ihrem Rasen haben.<\/p>\n<h3>Baumpflege<\/h3>\n<p>Eine regelm\u00e4\u00dfige und fachgerechte Baumpflege erh\u00f6ht die Vitalit\u00e4t Ihrer Bepflanzung im Garten. Jede Pflanze ben\u00f6tigt eine besondere Behandlung aufgrund Ihrer speziellen W\u00fcchsigkeit, der Bl\u00fctezeit oder des Standortes.<\/p>\n<h4>Obstbaumschnitt<\/h4>\n<p>Die Obstb\u00e4ume in Ihrem Garten ben\u00f6tigen einen regelm\u00e4\u00dfigen R\u00fcckschnitt um gut zu gedeihen. Der Obstbaumschnitt setzt allerdings einige fachliche Kenntnisse voraus, um auf Dauer einen gesunden Baumbestand und eine ertragreiche Obsternten zu erhalten. Wir schneiden und pflegen Ihre Obstb\u00e4ume entsprechend und zur richtigen Zeit,\u00a0 damit Sie eine gute Ernte erwarten k\u00f6nnen.<\/p>\n<h4>Hecke schneiden<\/h4>\n<p>Hecken sind in vielen G\u00e4rten ein beliebtes Gestaltungselement und dienen als nat\u00fcrlicher Sichtschutz. Damit Ihre Hecke sch\u00f6n gr\u00fcn und dicht w\u00e4chst, ist je nach Art ein einmaliger, oder mehrfacher Heckenschnitt n\u00f6tig. Wir beraten Sie gern, wann, oder wie Ihre Hecken geschnitten werden muss und \u00fcbernehmen auch die fachgerechte Durchf\u00fchrung.<\/p>\n<h4>Str\u00e4ucher schneiden<\/h4>\n<p>Auch das regelm\u00e4\u00dfige Schneiden der Str\u00e4ucher in Ihrem Garten ist wichtig. Dabei sind der geeignete Schnittzeitpunkt und der Schnittansatz entscheidend. \u00dcberlassen Sie diese Arbeit unserem Gartenservice Team, dann erledigen wir den fachgerechten Schnitt Ihrer Str\u00e4ucher f\u00fcr Sie.<\/p>\n<h4>B\u00e4ume schneiden<\/h4>\n<p>Durch gezielte Baumpflege l\u00e4sst sich manchmal auch die F\u00e4llung eines Baumes verhindern. So kann durch das Auslichten einer Baumkrone, oder die Kappung gewisser Bereiche ein Baum erhalten werden. Wir beraten Sie gerne und f\u00fchren alle ben\u00f6tigten Ma\u00dfnahmen f\u00fcr Sie durch.<\/p>\n<h4>Baumf\u00e4llung<\/h4>\n<p>Manchmal ist es jedoch notwendig, auf dem eigenen Grundst\u00fcck auch Baumf\u00e4llarbeiten durchf\u00fchren zu lassen. Manche B\u00e4ume sind zu gro\u00df geworden, lassen kein Licht mehr in den Garten, oder sind Umsturzgef\u00e4hrdet. Beim B\u00e4ume f\u00e4llen sind allerdings eine Reihe von gesetzlichen Bestimmungen und Sicherheitsvorkehrungen zu beachten. Daher ist es sicherer, diese Arbeiten von Spezialisten durchf\u00fchren zu lassen. Unser Gartenservice Team ist mit den Vorgaben vertraut und wir verf\u00fcgen \u00fcber das geeignete Werkzeug, wie auch \u00fcber die notwendige Erfahrung, um diese Arbeiten fachgerecht und mit der n\u00f6tigen Sicherheit auszuf\u00fchren.<\/p>\n<h4>Baumwurzel entfernen<\/h4>\n<p>Wenn B\u00e4ume in Ihrem Garten gef\u00e4llt werden m\u00fcssen, stehen Sie schnell vor dem Problem auch die Baumwurzeln zu entfernen. Im Boden belassen ist keine geeignete L\u00f6sung, so bleibt nur das m\u00fchsame und zeitaufw\u00e4ndige Baumstumpf entfernen. Mit Hilfe geeigneter Ger\u00e4te r\u00e4umen wir Ihren Garten wieder frei und entfernen alle Baumwurzeln, damit einer neuen Bepflanzung nichts mehr im Wege steht.<\/p>\n<h4>Gartenabf\u00e4lle entsorgen<\/h4>\n<p>F\u00fcr viele der in Ihrem Garten anfallenden Gartenabf\u00e4lle ist der Komposthaufen nicht geeignet, da die anfallenden Mengen das Platzangebot \u00fcberschreiten. Ein eigener Transport zur \u00f6ffentlichen Kompostierstelle oder einem Bauhof ist mit Ihrem PKW oft nur sehr schwer m\u00f6glich und recht aufw\u00e4ndig. Ihre kompostierbaren Gartenabf\u00e4lle k\u00f6nnen durch uns abgeholt werden und werden anschlie\u00dfend von uns fachgerecht entsorgt.<\/p>\n<h4>Gartengestaltung<\/h4>\n<p>Wenn Sie Hilfe bei Ihrer Gartengestaltung ben\u00f6tigen, Ihren Garten komplett neu Anlegen m\u00f6chten, oder vielleicht auch nur eine Gartenecke neu gestalten m\u00f6chten, beraten wir Sie gern bei der Auswahl der entsprechenden Stauden, Geh\u00f6lze oder B\u00e4ume. Ob Neugestaltung, oder Nachbepflanzung wir liefern Ihnen die gew\u00fcnschte Pflanzen aus regional ans\u00e4ssigen G\u00e4rtnereien und Baumschulen und \u00fcbernehmen die Pflanzung und das Anlegen Ihrer Gartenbeete nach Ihren W\u00fcnschen.<\/p>\n","protected":false},"excerpt":{"rendered":"<p>Pflege von Garten und Gr\u00fcnanlagen Unser Gartenservice beinhaltet die Gartenpflege privater Gartenanlagen, sowie die Pflege \u00f6ffentlicher oder gewerblicher Gr\u00fcnanlagen. Von der Gartengestaltung bis hin zur wiederkehrenden Gartenpflege reicht unser umfangreiches Angebot f\u00fcr Ihren Garten. Wir gestalten, pflegen und organisieren Ihren &hellip; <a class=\"kt-excerpt-readmore\" href=\"https:\/\/gartenservice-fernholz.de\/cms\/dienstleistungen\/\" aria-label=\"Dienstleistungen\">Weiterlesen<\/a><\/p>\n","protected":false},"author":1,"featured_media":0,"parent":0,"menu_order":0,"comment_status":"open","ping_status":"open","template":"","meta":[],"_links":{"self":[{"href":"https:\/\/gartenservice-fernholz.de\/cms\/wp-json\/wp\/v2\/pages\/22"}],"collection":[{"href":"https:\/\/gartenservice-fernholz.de\/cms\/wp-json\/wp\/v2\/pages"}],"about":[{"href":"https:\/\/gartenservice-fernholz.de\/cms\/wp-json\/wp\/v2\/types\/page"}],"author":[{"embeddable":true,"href":"https:\/\/gartenservice-fernholz.de\/cms\/wp-json\/wp\/v2\/users\/1"}],"replies":[{"embeddable":true,"href":"https:\/\/gartenservice-fernholz.de\/cms\/wp-json\/wp\/v2\/comments?post=22"}],"version-history":[{"count":8,"href":"https:\/\/gartenservice-fernholz.de\/cms\/wp-json\/wp\/v2\/pages\/22\/revisions"}],"predecessor-version":[{"id":182,"href":"https:\/\/gartenservice-fernholz.de\/cms\/wp-json\/wp\/v2\/pages\/22\/revisions\/182"}],"wp:attachment":[{"href":"https:\/\/gartenservice-fernholz.de\/cms\/wp-json\/wp\/v2\/media?parent=22"}],"curies":[{"name":"wp","href":"https:\/\/api.w.org\/{rel}","templated":true}]}}